3?
-26
In base 5, what is 3412 - 2?
3410
In base 14, what is 2182 + 0?
2182
In base 16, what is -15b4 - -1?
-15b3
In base 6, what is -1 - 13413?
-13414
In base 8, what is 335 - -150?
505
In base 16, what is -b - -528?
51d
In base 9, what is -1 - -276?
275
In base 14, what is -b0 + -177?
-247
In base 16, what is b9 + -7?
b2
In base 15, what is a - 8a?
-80
In base 16, what is -2 - 67e?
-680
In base 16, what is -1 + -8?
-9
In base 12, what is 632 - -2?
634
In base 6, what is 252 - -4?
300
In base 9, what is -160 - 14?
-174
In base 7, what is 403 - -64?
500
In base 11, what is -4 - -62?
59
In base 7, what is 26 - 4?
22
In base 14, what is -a + 1b1?
1a5
In base 10, what is 2 - -702?
704
In base 11, what is 13 - 117?
-104
In base 12, what is -6 + 7a?
74
In base 8, what is -11 - -154?
143
In base 10, what is -185 - -2?
-183
In base 5, what is -41 - 314?
-410
In base 10, what is 269 - 12?
257
In base 16, what is -5 - -451?
44c
In base 12, what is -1 + 290?
28b
In base 12, what is 2 - -27?
29
In base 12, what is 3 - 70?
-69
In base 10, what is -291 + -62?
-353
In base 5, what is -212312 + -10?
-212322
In base 2, what is 101101101 - -11?
101110000
In base 14, what is -c - 14?
-22
In base 10, what is -1 - 142?
-143
In base 2, what is -11000 + -1000010?
-1011010
In base 3, what is 12111 - -201?
20012
In base 9, what is -3 + -3618?
-3622
In base 4, what is 10 + 230?
300
In base 7, what is -3 + -541?
-544
In base 3, what is 22100201 + 11?
22100212
In base 8, what is 246 + 12?
260
In base 5, what is -43 + 0?
-43
In base 12, what is -1918 + 0?
-1918
In base 9, what is 27 + 1?
28
In base 5, what is 1 - 113?
-112
In base 14, what is -5 + 270?
269
In base 5, what is -10 - -1301?
1241
In base 10, what is 2 - -116?
118
In base 13, what is b5 - -2?
b7
In base 7, what is 26406 + -4?
26402
In base 6, what is -32 - 221?
-253
In base 8, what is -3662 + 4?
-3656
In base 13, what is -19 + 9?
-10
In base 4, what is 2 - -33020?
33022
In base 12, what is -24 + -5?
-29
In base 15, what is 1 - -52?
53
In base 10, what is 189 - -4?
193
In base 6, what is 0 - 313?
-313
In base 8, what is 222001 + 3?
222004
In base 9, what is -18 + 56?
37
In base 16, what is 4 + -725?
-721
In base 8, what is 245 + 14?
261
In base 10, what is 3 + -564?
-561
In base 2, what is 1101 + 111110?
1001011
In base 10, what is -126 - 2?
-128
In base 11, what is 0 + 230?
230
In base 3, what is 11 - 21212121?
-21212110
In base 11, what is 35 + -a8?
-73
In base 13, what is 1801 - 0?
1801
In base 12, what is 3 + -549?
-546
In base 12, what is 964 - 4?
960
In base 8, what is -3 + -4?
-7
In base 7, what is -41 + 1636?
1565
In base 11, what is 3 + -930?
-928
In base 15, what is -2 + -b3?
-b5
In base 9, what is 11 - -50?
61
In base 11, what is 0 - -74?
74
In base 13, what is 9 + -18?
-c
In base 4, what is 1202 + 2?
1210
In base 2, what is 10010011 - -110?
10011001
In base 9, what is 6 + -3?
3
In base 10, what is 1 + -2166?
-2165
In base 7, what is -6016 + -3?
-6022
In base 4, what is 13310 - 2?
13302
In base 14, what is -28 - -12?
-16
In base 16, what is -2 - 12d?
-12f
In base 16, what is -2 + -37?
-39
In base 11, what is a - 12?
-3
In base 14, what is -19 - -4?
-15
In base 7, what is -2 + 33?
31
In base 12, what is 65 - 5?
60
In base 10, what is -25 - 31?
-56
In base 9, what is -83544 - -3?
-83541
In base 9, what is -513 - 2?
-515
In base 16, what is -a4 - -5?
-9f
In base 13, what is -548c - 4?
-5493
In base 7, what is 2 - -2061?
2063
In base 13, what is 569 + -2?
567
In base 5, what is 14132 + 14?
14201
In base 7, what is -146 - 151?
-330
In base 2, what is 101011100 - 100?
101011000
In base 3, what is -12002 - 1201?
-20210
In base 3, what is -10 + 2210?
2200
In base 13, what is -4 - 7b?
-82
In base 14, what is -32a - -1?
-329
In base 15, what is -14d + 1?
-14c
In base 9, what is 1172 - -1?
1173
In base 15, what is -20 - -e?
-11
In base 14, what is -403b + 4?
-4037
In base 8, what is 1 + 160?
161
In base 12, what is -1 - -1?
0
In base 8, what is -54 - -54?
0
In base 5, what is -4 + 1300?
1241
In base 10, what is -169 + -9?
-178
In base 14, what is -106d + 2?
-106b
In base 8, what is -241 - 2?
-243
In base 5, what is 1 + -13342?
-13341
In base 12, what is -3589 + 5?
-3584
In base 6, what is 13 + -124?
-111
In base 4, what is 30 + 2030?
2120
In base 8, what is 723 + 4?
727
In base 4, what is 11 - -311311?
311322
In base 14, what is -86 - -117?
71
In base 3, what is 1 + 10002101?
10002102
In base 4, what is 2 - 11233?
-11231
In base 8, what is -5 - -34?
27
In base 13, what is 5a - 1?
59
In base 13, what is 4 - -159?
160
In base 11, what is -10 + 283?
273
In base 9, what is -1313 + -5?
-1318
In base 8, what is -1 - 3772?
-3773
In base 2, what is 1 + 11?
100
In base 13, what is -12 + 3?
-c
In base 11, what is -10 - 17?
-27
In base 2, what is -10001110 + -10000?
-10011110
In base 16, what is -12 - 13?
-25
In base 9, what is -4020 + 3?
-4016
In base 13, what is 5 + 177?
17c
In base 11, what is 942 + 1?
943
In base 11, what is 118 + -76?
52
In base 16, what is -9 - -45?
3c
In base 10, what is 321 + 5?
326
In base 6, what is -22 + 52?
30
In base 8, what is -64 - 10?
-74
In base 3, what is -121 - -110?
-11
In base 8, what is 4352 + 3?
4355
In base 10, what is -3929 + -1?
-3930
In base 16, what is 72 + 6?
78
In base 3, what is -11101 + -2102?
-20210
In base 2, what is -1 + 100000101?
100000100
In base 4, what is -11021 + -111?
-11132
In base 8, what is -5 - -113?
106
In base 13, what is -9 - 6?
-12
In base 11, what is -2aaa - 1?
-3000
In base 9, what is -61 - 13?
-74
In base 9, what is 0 + -132?
-132
In base 14, what is -69 + 3c?
-2b
In base 8, what is -134 + 1?
-133
In base 8, what is -3 + 65?
62
In base 15, what is 0 - 101?
-101
In base 11, what is 9 - 4?
5
In base 13, what is -2 - 6c?
-71
In base 7, what is -12 - -1400?
1355
In base 4, what is -112112 + -2?
-112120
In base 15, what is 1 + -3e?
-3d
In base 6, what is -2012 + -5?
-2021
In base 14, what is 1 - -33?
34
In base 9, what is -11 - -106?
85
In base 14, what is -2 - 97?
-99
In base 10, what is 667 - 0?
667
In base 6, what is -3205 - -114?
-3051
In base 12, what is 9 - -13?
20
In base 3, what is -111 - -1?
-110
In base 8, what is 7 + -13216?
-13207
In base 9, what is 1 - -4785?
4786
In base 8, what is 2274 + -2?
2272
In base 4, what is -2030 + 10?
-2020
In base 5, what is 1004 + -3?
1001
In base 8, what is -3 - 26?
-31
In base 5, what is 401204 - 2?
401202
In base 15, what is -1 - 1c?
-1d
In base 9, what is -12 + 310?
287
In base 7, what is 16614 - 3?
16611
In base 4, what is -10 - -310?
300
In base 6, what is 12355 - -2?
12401
In base 14, what is 10a - -3?
10d
In base 16, what is 4b + -35?
16
In base 6, what is 10 - 525?
-515
In base 15, what is -9a9 - 3?
-9ac
In base 12, what is -35 - -1?
-34
In base 16, what is -e - 3f6?
-404
In base 6, what is 2153 - 5?
2144
In base 4, what is -101301 + 22?
-101213
In base 8, what is -2 - -1114?
1112
In base 12, what is -353 + 5?
-34a
In base 9, what is 1883 - 3?
1880
In base 8, what is -20672 - 5?
-20677
In base 11, what is 98 + 1?
99
In base 15, what is 196 - 1?
195
In base 15, what is -3377 + -4?
-337b
In base 14, what is 3 - 27ac?
-27a9
In base 13, what is -22 + -31?
-53
In base 4, what is -21333 + 11?
-21322
In base 15, what is 1 - -60a?
60b
In base 5, what is 10100 + 1?
10101
In base 7, what is -22 + 311?
256
In base 16, what is -b6 + -4?
-ba
In base 10, what is -230 - -3?
-227
In base 4, what is -1220 + -3?
-1223
In base 2, what is -11000001100 + 11?
-11000001001
In base 3, what is -112 - -110201?
110012
In base 3, what is -10020222 + -11?
-10021010
In base 6, what is 34 - 104?
-30
In base 12, what is 29 + 4a?
77
In base 15, what is ca9 - 1?
ca8
In base 7, what is 2 - 14204?
-14202
In base 12, what is 44 - 4?
40
In base 7, what is 1 + 115?
116
In base 5, what is 1 + 11?
12
In base 11, what is -8 + -178?
-185
In base 9, what is -11 + -20?
-31
In base 11, what is -10 - 18?
-28
In base 4, what is -11 + 20?
3
In base 5, what is 1103 + -3?
1100
In base 12, what is -3 - 97?
-9a
In base 5, what is -44443 - -1?
-44442
In base 8, what is -2322 + -4?
-2326
In base 8, what is 4 - -145?
151
In base 4, what is 200 + 11?
211
In base 15, what is -3a + 3?
-37
In base 14, what is -4 + -33c?
-342
In base 15, what is -5 + -54?
-59
I